{"id":45,"date":"2014-02-15T23:43:35","date_gmt":"2014-02-15T21:43:35","guid":{"rendered":"http:\/\/schreibkultur.requirements.de\/?page_id=45"},"modified":"2020-05-17T17:20:57","modified_gmt":"2020-05-17T15:20:57","slug":"claas-live","status":"publish","type":"page","link":"https:\/\/schreibkultur.requirements.de\/?page_id=45&lang=de","title":{"rendered":"Wort und Bild"},"content":{"rendered":"<h1><span style=\"color: #000000;\"><strong>Ladies and gentlemen,<\/strong><\/span><\/h1>\n<p style=\"text-align: left;\"><span style=\"color: #000000;\">we proudly present<\/span><\/p>\n<p><span style=\"color: #000000;\"><a href=\"https:\/\/schreibkultur.requirements.de\/wp-content\/uploads\/2014\/02\/WP_20140215_004.jpg\"><span style=\"color: #000000;\"><img loading=\"lazy\" decoding=\"async\" class=\"size-medium wp-image-63 aligncenter\" alt=\"WP_20140215_004\" src=\"https:\/\/schreibkultur.requirements.de\/wp-content\/uploads\/2014\/02\/WP_20140215_004-300x168.jpg\" width=\"300\" height=\"168\" srcset=\"https:\/\/schreibkultur.requirements.de\/wp-content\/uploads\/2014\/02\/WP_20140215_004-300x168.jpg 300w, https:\/\/schreibkultur.requirements.de\/wp-content\/uploads\/2014\/02\/WP_20140215_004-1024x576.jpg 1024w, https:\/\/schreibkultur.requirements.de\/wp-content\/uploads\/2014\/02\/WP_20140215_004-624x351.jpg 624w\" sizes=\"(max-width: 300px) 100vw, 300px\" \/><\/span><\/a><\/span><\/p>\n<h2><span style=\"color: #000000;\">B\u00f6blingen 14.02.2014&nbsp;<\/span><\/h2>\n<p><span style=\"color: #000000;\"><a href=\"https:\/\/schreibkultur.requirements.de\/wp-content\/uploads\/2014\/02\/WP_20140214_001.jpg\"><span style=\"color: #000000;\"><img loading=\"lazy\" decoding=\"async\" alt=\"WP_20140214_001\" src=\"https:\/\/schreibkultur.requirements.de\/wp-content\/uploads\/2014\/02\/WP_20140214_001-300x168.jpg\" width=\"300\" height=\"168\"><\/span><\/a><\/span><\/p>\n<p><span style=\"color: #000000;\">Eine knappe Stunde vor dem Auftritt ein kleiner Plausch und ein kleiner Snack. Von Lampenfieber keine Spur.<\/span><\/p>\n<h2><span style=\"color: #000000;\">Die B\u00fchne &#8230; Kongresshalle B\u00f6blingen, W\u00fcrttembergsaal<\/span><\/h2>\n<p><span style=\"color: #000000;\"><a href=\"https:\/\/schreibkultur.requirements.de\/wp-content\/uploads\/2014\/02\/WP_20140214_003.jpg\"><span style=\"color: #000000;\"><img loading=\"lazy\" decoding=\"async\" alt=\"WP_20140214_003\" src=\"https:\/\/schreibkultur.requirements.de\/wp-content\/uploads\/2014\/02\/WP_20140214_003-300x168.jpg\" width=\"300\" height=\"168\"><\/span><\/a><\/span><\/p>\n<p><span style=\"color: #000000;\">Der W\u00fcrttembergsaal bietet \u00fcber 300 Pl\u00e4tze. Anfangs noch wenig gef\u00fcllt, wurde es stetig voller im Saal. <\/span><\/p>\n<p><span style=\"color: #000000;\"><a href=\"https:\/\/schreibkultur.requirements.de\/wp-content\/uploads\/2014\/02\/WP_20140214_004.jpg\"><span style=\"color: #000000;\"><img loading=\"lazy\" decoding=\"async\" alt=\"WP_20140214_004\" src=\"https:\/\/schreibkultur.requirements.de\/wp-content\/uploads\/2014\/02\/WP_20140214_004-300x168.jpg\" width=\"300\" height=\"168\"><\/span><\/a><\/span><\/p>\n<p><span style=\"color: #000000;\">Die Jazz-Freunde in B\u00f6blingen sorgten dann f\u00fcr einen ausverkauften Saal. Als Platz empfahl Claas die Empore. Eine gute Empfehlung, denn so war ein perfekter Blick auf die B\u00fchne gew\u00e4hrleistet.<\/span><\/p>\n<h2><span style=\"color: #000000;\">A One &#8211; A Two &#8211; A One-Two-Three<\/span><\/h2>\n<p><span style=\"color: #000000;\"><a href=\"https:\/\/schreibkultur.requirements.de\/wp-content\/uploads\/2014\/02\/WP_20140214_007.jpg\"><span style=\"color: #000000;\"><img loading=\"lazy\" decoding=\"async\" alt=\"WP_20140214_007\" src=\"https:\/\/schreibkultur.requirements.de\/wp-content\/uploads\/2014\/02\/WP_20140214_007-300x168.jpg\" width=\"300\" height=\"168\"><\/span><\/a><\/span><\/p>\n<p><span style=\"color: #000000;\">Das Konzert stand unter dem Motto &#8222;Sting &amp; more&#8220; und es wurden \u00fcberwiegend St\u00fccke von Sting jazzig interpretiert. Um 20:00h wurde das Konzert mit dem Lied &#8222;Moon Over Bourbon Street&#8220; er\u00f6ffnet.<\/span><\/p>\n<p><span style=\"color: #000000;\">Die Band (von links nach rechts)<\/span><\/p>\n<ul>\n<li><span style=\"color: #000000;\">Tobias Becker, Piano<\/span><\/li>\n<li><span style=\"color: #000000;\">Florian Tr\u00fcbsbach, Saxophon<\/span><\/li>\n<li><span style=\"color: #000000;\">Henning Sieverts, Bass<\/span><\/li>\n<li><span style=\"color: #000000;\">Maximilian H\u00f6cherl, Gesang (und Horn)<\/span><\/li>\n<li><span style=\"color: #000000;\">Claas Krause, Gitarre (was auch sonst)<\/span><\/li>\n<\/ul>\n<p><span style=\"color: #000000;\"><a href=\"https:\/\/schreibkultur.requirements.de\/wp-content\/uploads\/2014\/02\/WP_20140214_015.jpg\"><span style=\"color: #000000;\"><img loading=\"lazy\" decoding=\"async\" alt=\"WP_20140214_015\" src=\"https:\/\/schreibkultur.requirements.de\/wp-content\/uploads\/2014\/02\/WP_20140214_015-300x168.jpg\" width=\"300\" height=\"168\"><\/span><\/a><\/span><\/p>\n<p><span style=\"color: #000000;\">Gerne h\u00e4tte ich mehr Bilder gemacht, aber der Blitz lie\u00df sich nicht abschalten. Vielleicht h\u00e4tte das Blitzlichtgewitter die Musiker gest\u00f6rt. Aber Ihr findet hier einige Videoclips, die einen viel besseren Eindruck vom Konzert vermitteln.<\/span><\/p>\n<p><span style=\"color: #000000;\"><a href=\"https:\/\/schreibkultur.requirements.de\/wp-content\/uploads\/2014\/02\/WP_20140214_018.jpg\"><span style=\"color: #000000;\"><img loading=\"lazy\" decoding=\"async\" alt=\"WP_20140214_018\" src=\"https:\/\/schreibkultur.requirements.de\/wp-content\/uploads\/2014\/02\/WP_20140214_018-300x168.jpg\" width=\"300\" height=\"168\"><\/span><\/a><\/span><\/p>\n<p><span style=\"color: #000000;\">Das Konzert endete gegen 22:30h und es war ein eindrucksvoller Abend. Das Publikum dankte es mit gro\u00dfem Applaus und wurde mit einer Zugabe belohnt &#8211; &#8222;An Englishman in New York&#8220;.<\/span><\/p>\n<p><span style=\"color: #000000;\">Am Ende des Abends noch ein wenig Plauderei mit Claas am Saal-Ausgang. Besucher des Konzerts, die Claas als den &#8222;Meister der Saiten&#8220; erkannten, waren voller Lob f\u00fcr unseren Musikus &#8230; und diesem Lob kann ich mich nur anschlie\u00dfen.<\/span><\/p>\n","protected":false},"excerpt":{"rendered":"<p>Ladies and gentlemen, we proudly present B\u00f6blingen 14.02.2014&nbsp; Eine knappe Stunde vor dem Auftritt ein kleiner Plausch und ein kleiner Snack. Von Lampenfieber keine Spur. Die B\u00fchne &#8230; Kongresshalle B\u00f6blingen, W\u00fcrttembergsaal Der W\u00fcrttembergsaal bietet \u00fcber 300 Pl\u00e4tze. Anfangs noch wenig gef\u00fcllt, wurde es stetig voller im Saal. Die Jazz-Freunde in B\u00f6blingen sorgten dann f\u00fcr einen&#8230;<\/p>\n","protected":false},"author":1,"featured_media":56,"parent":51,"menu_order":0,"comment_status":"open","ping_status":"closed","template":"","meta":{"footnotes":""},"aioseo_notices":[],"_links":{"self":[{"href":"https:\/\/schreibkultur.requirements.de\/index.php?rest_route=\/wp\/v2\/pages\/45"}],"collection":[{"href":"https:\/\/schreibkultur.requirements.de\/index.php?rest_route=\/wp\/v2\/pages"}],"about":[{"href":"https:\/\/schreibkultur.requirements.de\/index.php?rest_route=\/wp\/v2\/types\/page"}],"author":[{"embeddable":true,"href":"https:\/\/schreibkultur.requirements.de\/index.php?rest_route=\/wp\/v2\/users\/1"}],"replies":[{"embeddable":true,"href":"https:\/\/schreibkultur.requirements.de\/index.php?rest_route=%2Fwp%2Fv2%2Fcomments&post=45"}],"version-history":[{"count":8,"href":"https:\/\/schreibkultur.requirements.de\/index.php?rest_route=\/wp\/v2\/pages\/45\/revisions"}],"predecessor-version":[{"id":1675,"href":"https:\/\/schreibkultur.requirements.de\/index.php?rest_route=\/wp\/v2\/pages\/45\/revisions\/1675"}],"up":[{"embeddable":true,"href":"https:\/\/schreibkultur.requirements.de\/index.php?rest_route=\/wp\/v2\/pages\/51"}],"wp:featuredmedia":[{"embeddable":true,"href":"https:\/\/schreibkultur.requirements.de\/index.php?rest_route=\/wp\/v2\/media\/56"}],"wp:attachment":[{"href":"https:\/\/schreibkultur.requirements.de\/index.php?rest_route=%2Fwp%2Fv2%2Fmedia&parent=45"}],"curies":[{"name":"wp","href":"https:\/\/api.w.org\/{rel}","templated":true}]}}